
2, 7, 37
What are the prime factors of 2464/2 - (-10 - 0)?
2, 3, 23
Let n(j) = -2*j**2 + 10*j - 8. Let x be n(4). List the prime factors of (-4 - (x + -6))*6.
2, 3
Let c(d) = -32*d - 8. Let v be c(-4). Let p = v - 67. What are the prime factors of p?
53
List the prime factors of 1278*(-5 + ((-75)/(-9) - 3)).
2, 3, 71
Suppose -6978 = -15*a + 6597. List the prime factors of a.
5, 181
Let t be 1/(-5) - (-46)/5. List the prime factors of (19*15/(-20))/(t/(-24)).
2, 19
Suppose 5*d - 23 - 42 = 0. Let z(n) = 25*n**2 + 127*n + 12. Let a be z(-5). Suppose -1 = a*v - d. List the prime factors of v.
2, 3
Let r(p) = 6*p**2 + p + 7. Suppose -47 = 3*g - 32. List the prime factors of r(g).
2, 19
Let j(x) = x**3 - 34*x**2 + 41*x + 54. List the prime factors of j(34).
2, 181
Let m(d) = d**2 + 5*d + 11. Let s be m(-5). Let j(b) = -13*b**2 - 6*b + s + b + b**3 - 8*b + b. What are the prime factors of j(14)?
3, 13
Let o be 2*(0 + 1 + 2)/3. Suppose 67 = i + o*w, 0 = -2*i - 2*w + 61 + 79. What are the prime factors of i?
73
Suppose -4*j - 1 = -9. Suppose -j*h - t = -104, h - 3*t - 228 = -3*h. List the prime factors of h.
2, 3
Suppose -13*z + 12*z = -l - 817, -z + 815 = -2*l. What are the prime factors of z?
3, 7, 13
Let t(s) = s**3 + 8*s**2 - 3*s - 8. What are the prime factors of t(5)?
2, 151
Suppose -183 = -2*z + 161. What are the prime factors of z?
2, 43
Let z(x) = 9*x**3 - 10*x**2 + 3*x + 6. What are the prime factors of z(4)?
2, 7, 31
Suppose -z + 2 = 4*b - 3, z + 2 = 3*b. Let q be ((-49)/(-21))/(b/(-6)). Let a = 13 - q. What are the prime factors of a?
3
Let r be 28/21*2*6. Let b = 62 - r. What are the prime factors of b?
2, 23
Let d be 0/3 - (2 - 8). Suppose 0*k - 2*k + 5*b + d = 0, -b = -2*k + 14. Suppose -3*z + 23 = -4*v - 1, -z + 3*v + k = 0. What are the prime factors of z?
2
Let j(k) = -75*k + 41. What are the prime factors of j(-10)?
7, 113
Let f = 0 + 37. Let m = -9 + f. Suppose -j = -0*j - 3*s - 30, 2*s = j - m. List the prime factors of j.
2, 3
Suppose 3*u = 7*u - 28. Suppose -5*a = -u*a + 4. List the prime factors of a.
2
Suppose -3*a = -2*x - 6*a + 837, 3*a = -4*x + 1689. List the prime factors of x.
2, 3, 71
Let z be (2 - 1/(-1))*-3. Let w be (-1344)/z + (-6)/(-9). List the prime factors of ((-2)/(-4))/(3/w).
5
Let a be (-1 - -2)*72/(-4). List the prime factors of (-68)/a - (-14)/63.
2
Suppose -2*v = x + 12 - 1, 58 = -4*x - v. Let q = x - -20. Suppose -q*f + 6 = -109. What are the prime factors of f?
23
Let s = -2614 + 4867. List the prime factors of s.
3, 751
What are the prime factors of (-2)/(-10) + 43872/40?
1097
List the prime factors of (-8)/(-5)*(-20 - -55).
2, 7
Let x(p) = 3*p**2 - 13*p + 1. Let n be x(13). Suppose -n = -3*d - 3*k, 2*k + 231 = 2*d + 3*k. List the prime factors of d.
2, 59
Let s be ((-36)/20 + 3)*155. Let k = 56 + s. What are the prime factors of k?
2, 11
Suppose -4 = -2*x - 4*t, 10 = 5*x - 2*t - 12. Suppose 62 + 74 = -x*d. Let k = -17 - d. What are the prime factors of k?
17
Let c(v) = 7*v**2 - 3*v + 22. List the prime factors of c(-7).
2, 193
Let n = -106 + 136. Suppose n + 94 = h + 5*x, -116 = -h - 3*x. List the prime factors of h.
2, 13
Let w be 4 + 4/(-2 + 6). Let r(t) = 9 + 0 - w*t + 2 + 1. List the prime factors of r(-7).
47
Suppose 2*o - 6 = 4*d, -o + 4*d = 4*o - 21. Suppose 2*a + 5*n = 4, 0*a = -o*a - n + 56. What are the prime factors of a?
2, 3
Suppose 16 = -98*t + 90*t. Let n = 15 + -22. List the prime factors of 191/7 - t/n.
3
Suppose -6 + 22 = 2*n. Suppose 0*i - 2*i + n = 0. Suppose -67 = -i*p + 1. List the prime factors of p.
17
Let i(y) = -y + 1. Let r be i(-3). Suppose 4*c + o - 161 = 0, r*c + 2*o = -0*c + 162. Let q = c + -29. What are the prime factors of q?
11
Let u = -483 - -2045. What are the prime factors of u?
2, 11, 71
Suppose 0 = 3*y - 4*d - 1868, -2*y + 1247 = 19*d - 22*d. What are the prime factors of y?
2, 7, 11
Suppose -3*d = -1038 - 270. Suppose 4*a - h - h - d = 0, 0 = 4*a - 3*h - 432. What are the prime factors of a?
3, 37
Let c = 1 - 45. What are the prime factors of (-4)/(-3) + c/(-3)?
2
Suppose -4*c = -3*h + 5, -4*h + 4 = -5*c - 3. Let i = h + 275. List the prime factors of i.
2, 139
Let u(y) = -5*y + 1. Let h be u(-2). Let v = h - 9. Suppose 12 = -v*m + 80. List the prime factors of m.
2, 17
Let w be (-8)/20 - (-24)/10. Suppose w*z - 62 = -0*z. List the prime factors of z.
31
Let o be 1*-1 - (10 + -16). Let i = 30 + -19. Suppose -5*k + 4*j + 59 = 0, -k + o + i = -5*j. List the prime factors of k.
11
Suppose -6 + 9 = -f. What are the prime factors of (-2 - f*6)*10?
2, 5
Suppose 0*m + 2*m = 0. Suppose -2*v - 4*l - 220 = m, 594 = -4*v - 4*l + 170. Let r = -72 - v. What are the prime factors of r?
2, 3, 5
Let v = 2921 - 1473. List the prime factors of v.
2, 181
Suppose 0 = -u + y + 4145, 5*y + 3260 = -2*u + 11585. List the prime factors of u.
2, 5, 83
Let l = 2 + 3. Suppose k = l*b + 252, k = 3*b - k + 154. Let n = -15 - b. What are the prime factors of n?
5, 7
Let l(h) = -h**3 - 3*h**2 + h + 2. Let r = 23 + -25. Let f be l(r). List the prime factors of -50*-6*f/(-30).
2, 5
Let o = -100 + 112. Suppose 0 = -7*x + o*x - 360. List the prime factors of x.
2, 3
Let u = -379 - -2287. What are the prime factors of u?
2, 3, 53
Let l = -61 - -63. Let s(j) = 7*j**2 + 7*j - 4. List the prime factors of s(l).
2, 19
Let y(z) = z**3 + 7*z**2 - z - 7. Let g be y(-6). Suppose 89 = 4*x + 3*c, -5*c + g = x - 0*x. List the prime factors of (x/(-8) - -3)*26.
13
Let r(y) = -y + 6. Let h be r(-9). Let g = h - -105. List the prime factors of g.
2, 3, 5
Suppose 0 = 13*b - 12*b + 5*m - 27, -2*m + 227 = 5*b. List the prime factors of b.
47
Suppose -2*k + 7*k = 575. Suppose -2*w + 390 = -7*w. Let u = w + k. What are the prime factors of u?
37
Suppose -2*v + 0*v + 254 = 0. Let i = v - 7. List the prime factors of i.
2, 3, 5
Let w = 1 + 12. Let u = 18 - w. Suppose 0 = -u*s + 77 - 17. What are the prime factors of s?
2, 3
Suppose -2*z = 5*b - 58, -b = 3*z + 18 - 79. What are the prime factors of z?
19
List the prime factors of 13512/12 + -8 + 0.
2, 13, 43
Suppose -5963 + 793 = -5*n - 5*v, 0 = 2*v - 2. What are the prime factors of n?
1033
Suppose 3*m + 2 = 2*m. Let b be -3*m/12*10. What are the prime factors of 62/b - 3/(-5)?
13
Suppose 3*o = 5*o + s + 27, 3*o - 3*s = -18. Let z = -7 - o. Suppose -120 - 14 = -4*h + f, -z*f - 8 = 0. List the prime factors of h.
3, 11
Let i(b) = -b - 1. Let t(x) = x**2 + 12*x + 3. Let r(w) = -2*i(w) - t(w). Let m be r(-10). What are the prime factors of 13/(-1)*m*1?
13
Let n be (195/(-10))/(1/2). Let z = 76 + n. List the prime factors of z.
37
Suppose 0 = -3*q + 1 + 11. Suppose -q = t - 18. List the prime factors of t.
2, 7
Suppose -z = 11*z - 1044. Let g = z - 65. What are the prime factors of g?
2, 11
Let v = -26 + 13. Suppose 3*t + 84 + 6 = 0. Let n = v - t. List the prime factors of n.
17
Let h = 27 - -482. List the prime factors of h.
509
Let i be 45/2*(152/(-24) - -7). Suppose w + 4 = i. What are the prime factors of w?
11
Let d = 197 + -89. Suppose -10*u + d = -u. List the prime factors of u.
2, 3
Let y(g) = -4*g**3 - 7*g**2 - 7*g - 6. Let q be y(-4). Suppose 6*z = q + 428. What are the prime factors of z?
3, 11
Let b(k) = -4*k**3 - 19*k**2 - 32*k - 28. Let z(g) = -8*g - 5*g**2 - 7 + 2*g**3 - 3*g**3 + 0. Let t(n) = -2*b(n) + 9*z(n). List the prime factors of t(-6).
5
Suppose 5*k - 3587 = -3*t - 133, k - 700 = 4*t. What are the prime factors of k?
2, 173
Suppose -24 = -37*b + 33*b. Suppose -b*i + 650 = -i - 5*q, -i - 2*q = -124. List the prime factors of i.
2
Suppose -2*j - 12 = -3*c, 0 = 8*j - 3*j. Suppose c*m - 263 - 69 = 0. What are the prime factors of m/3 - (-2)/(-3)?
3
Let z(o) = -o**3 - 7*o**2 - 6*o + 2. Let y be z(-6). Let d = -18 + 18. List the prime factors of y + d + -2 + 3.
3
List the prime factors of (4/(-8))/(7/(-2100)).
2, 3, 5
Let m(x) = 32*x - 33. List the prime factors of m(19).
5, 23
Suppose 0 = 2*i + 147*f - 152*f - 1309, -2*f = 5*i - 3200. What are the prime factors of i?
2, 3, 107
Suppose -3*z = -c - 3, z = -z - 5*c + 19. What are the prime factors of 4 - 7 - (z + -179)/3?
2, 7
Let v = 122 + -47. Let a = v - 42. What are the prime factors of a?
3, 11
Suppose 292 = 4*k - 20. Let h be 12/k + 1348/26. Let p = 97 - h. What are the prime factors of p?
3, 5
Le